 base 7, what is -5 + 2212220645?
2212220640
In base 12, what is -45625 + -240?
-45865
In base 11, what is -13138462 + 7?
-13138456
In base 10, what is -1620775 + -11?
-1620786
In base 14, what is 129 - 562?
-437
In base 7, what is 506310 - -6443?
516053
In base 16, what is -4dfcb0 - 5?
-4dfcb5
In base 6, what is 4 + -5152135214?
-5152135210
In base 7, what is -13 - -11531155?
11531142
In base 12, what is -3a51b64a7 - 0?
-3a51b64a7
In base 3, what is 11221000011122 - 112?
11221000011010
In base 14, what is -3 - 69c315b?
-69c3160
In base 2, what is 110011 - 110100000001101001?
-110100000000110110
In base 6, what is -3 - 534115312?
-534115315
In base 9, what is 1 + 30580484?
30580485
In base 3, what is -101100222210011112 + 0?
-101100222210011112
In base 15, what is -3c743b7 - -2?
-3c743b5
In base 8, what is 471 - -5537?
6230
In base 6, what is -5 + -3241453041?
-3241453050
In base 7, what is 31 - -30101555?
30101616
In base 14, what is -39172826 + 4?
-39172822
In base 8, what is 2 + 15603341?
15603343
In base 6, what is 125005 + -500?
124105
In base 13, what is 397c15 + -8?
397c0a
In base 10, what is -19 - -8309488?
8309469
In base 14, what is 571 - 419c?
-3a2b
In base 14, what is 560 + 10ac?
162c
In base 6, what is -55210000 + -42?
-55210042
In base 2, what is -101001001 + -10000001100100000000?
-10000001101001001001
In base 15, what is 417a7 + -1e4?
415b3
In base 11, what is -a1a144 + 5?
-a1a13a
In base 12, what is 4a09b - 37?
4a064
In base 16, what is 14f66e - -1c7?
14f835
In base 14, what is -138 - 6c8?
-822
In base 4, what is -10 + 21301202132?
21301202122
In base 14, what is 52bb8743 - 1?
52bb8742
In base 8, what is 115 - -174130?
174245
In base 2, what is -111010 - 11010010010000001010111?
-11010010010000010010001
In base 13, what is -2285 - 25?
-22aa
In base 10, what is -1966328 - 1?
-1966329
In base 7, what is 2113 - 101551?
-66435
In base 3, what is -1002022 + -111112?
-1120211
In base 16, what is 3e79a2 - -9?
3e79ab
In base 6, what is -14131 - 1214431?
-1233002
In base 7, what is 2 + 6343252?
6343254
In base 14, what is 3ca39 + a?
3ca45
In base 4, what is 231310 - 102110023?
-101212113
In base 9, what is -15763266 - -10?
-15763256
In base 15, what is -665 - -613?
-52
In base 12, what is 10842840 - -2?
10842842
In base 11, what is -315a9 - 243?
-31841
In base 2, what is -100011111001 - 1001100000001011?
-1010000100000100
In base 11, what is -3 - -14101181?
14101179
In base 5, what is 13203 + 41413?
110121
In base 6, what is -44005 + 1111?
-42454
In base 2, what is 101 - -10001111101010100110000?
10001111101010100110101
In base 13, what is 94c0882 + b?
94c0890
In base 10, what is -3540642 - -4?
-3540638
In base 9, what is 1 + 1035752613?
1035752614
In base 3, what is -11222220 + -1002212?
-20002202
In base 16, what is -89 + -28da?
-2963
In base 2, what is -11100010101 - -1000011101110?
100111011001
In base 6, what is -1 - -52311253?
52311252
In base 12, what is -3a + -1160?
-119a
In base 5, what is 403334044043 + -4?
403334044034
In base 6, what is -30345154 + -12?
-30345210
In base 6, what is -5 - -10401132514?
10401132505
In base 12, what is 54a0b87 - -1?
54a0b88
In base 7, what is -1260165154 - 1?
-1260165155
In base 7, what is 16 + -1251152?
-1251133
In base 5, what is 11 - -21421114?
21421130
In base 13, what is 23 - 1c708b?
-1c7068
In base 13, what is -2 - -560ab5?
560ab3
In base 7, what is -1151366606 - 0?
-1151366606
In base 10, what is 53693 + -2532?
51161
In base 6, what is 22122 - -5153010?
5215132
In base 3, what is -1200200120102020 - 1202?
-1200200120110222
In base 6, what is 4213 - 121251?
-113034
In base 16, what is -911 + 3becf?
3b5be
In base 16, what is -9789a - -7c?
-9781e
In base 4, what is -10 + 211103013323?
211103013313
In base 7, what is 42 + -5066163?
-5066121
In base 16, what is -1 + -4cea79?
-4cea7a
In base 3, what is 110 + 1120212021001?
1120212021111
In base 6, what is 2214125025 - -2?
2214125031
In base 5, what is 314233 + -222321?
41412
In base 5, what is 0 - -2014011214?
2014011214
In base 12, what is 45 + -1b7773?
-1b772a
In base 2, what is 100110 + -10000101101110010000100000?
-10000101101110001111111010
In base 2, what is 10010100 + 101110111101100000?
101110111111110100
In base 3, what is 11 - 211001200011201?
-211001200011120
In base 14, what is -3c8c - -188?
-3b04
In base 11, what is -2471a + 72a0?
-1842a
In base 4, what is -123103330132 - -3?
-123103330123
In base 3, what is -12220 + -2220010220000?
-2220011002220
In base 2, what is 1001000 + -111000100110001001?
-111000100101000001
In base 15, what is -94e502 - 0?
-94e502
In base 9, what is -2703872 - 6?
-2703878
In base 6, what is -122201 - 30305?
-152510
In base 15, what is -2cb10 - 501?
-2d111
In base 14, what is 6 + 2b76628?
2b76630
In base 7, what is 132505 - 22?
132453
In base 7, what is 53 - -1563522?
1563605
In base 4, what is 303 + -20111133213?
-20111132310
In base 6, what is 2030231 - -150?
2030421
In base 5, what is -233413 + 10004133?
4220220
In base 12, what is -428381 - 6?
-428387
In base 7, what is 120026222 + -10?
120026212
In base 8, what is 16 + -10406143?
-10406125
In base 13, what is 1a661 + 209?
1a86a
In base 15, what is 1a2 + -6aaa?
-6908
In base 15, what is 5 + cd792ae?
cd792b4
In base 10, what is 8166390 + 3?
8166393
In base 2, what is 110001000010101 + 1000001?
110001001010110
In base 12, what is -a5a0 - -6a3a?
-3762
In base 10, what is 657 + -25739?
-25082
In base 7, what is -1024440 - 251?
-1025021
In base 9, what is 65311 + 10648?
76060
In base 15, what is -3d46b103 + -5?
-3d46b108
In base 9, what is 12025 + 6574?
18610
In base 11, what is 0 + a102064?
a102064
In base 8, what is -10051332 + 201?
-10051131
In base 10, what is -4 + -3901646?
-3901650
In base 9, what is -18678728 - -1?
-18678727
In base 6, what is -555421324 + 1?
-555421323
In base 12, what is 33106 - -3513?
36619
In base 7, what is 30 + 3013161?
3013221
In base 16, what is -9a4 + 3c8ef?
3bf4b
In base 14, what is 282c0b - 12?
282bd9
In base 8, what is 10664 - 3666?
4776
In base 16, what is -1fa5 + c42?
-1363
In base 16, what is -1 - 189288?
-189289
In base 2, what is -11 + -11101000100101000000?
-11101000100101000011
In base 10, what is 686 + 534247?
534933
In base 3, what is -10 - -10001220210202?
10001220210122
In base 6, what is 110 - 31205200?
-31205050
In base 8, what is -4254166 + -10?
-4254176
In base 14, what is -4c684 - -2b?
-4c657
In base 10, what is 260954 + -98?
260856
In base 13, what is -38 + 19c29ac?
19c2974
In base 4, what is -12 + 2123211030?
2123211012
In base 10, what is 88 + -375026?
-374938
In base 10, what is 11838399 - 35?
11838364
In base 7, what is -5 - -235105410?
235105402
In base 9, what is -7 - -2286086?
2286078
In base 16, what is -2c6 + 4c09?
4943
In base 8, what is -15257112 + 1?
-15257111
In base 4, what is -32232210 - 1203?
-32300013
In base 12, what is 44b60 + -105?
44a57
In base 4, what is -2120300301 + -10?
-2120300311
In base 13, what is 1285b4 + -43?
128571
In base 9, what is -6671 + 56?
-6614
In base 6, what is 500353505 + -12?
500353453
In base 7, what is 2030630 - 2?
2030625
In base 9, what is -65 + 332785?
332720
In base 14, what is -208a2 - 1a?
-208bc
In base 3, what is -222020220 - -2220120?
-212100100
In base 9, what is -1166 + 228178?
227012
In base 16, what is 5f83 + -2425?
3b5e
In base 6, what is -50 + 33424112?
33424022
In base 2, what is -110000 - 11101001100100110?
-11101001101010110
In base 14, what is -6338 - 33a?
-6674
In base 10, what is -5393 + -252?
-5645
In base 14, what is 425 + 426?
84b
In base 15, what is -120cc9 - -1?
-120cc8
In base 4, what is 3 - 33303311021?
-33303311012
In base 9, what is 3 + -32335053?
-32335050
In base 4, what is -133 - -121231032231?
121231032032
In base 9, what is -6240134 + 3?
-6240131
In base 7, what is -6 - -11206041?
11206032
In base 10, what is -324954938 + 0?
-324954938
In base 16, what is -f2d95b + 2?
-f2d959
In base 9, what is -2 - 2371337?
-2371340
In base 6, what is -435011442 + -1?
-435011443
In base 12, what is 1a + -3541a27?
-3541a09
In base 15, what is 11cb2bb + 5?
11cb2c1
In base 9, what is -74 - -121717?
121633
In base 7, what is 3 - -21521266?
21521302
In base 13, what is 31 - -228b4c?
228b80
In base 14, what is -643646a - 0?
-643646a
In base 10,